 p(o) = -17*o**3 - 17*o**2 + 58*o + 23. What are the prime factors of p(-6)?
5, 547
What are the prime factors of (-11977)/(-7) + -6 - (-3 + 1)?
3, 569
Let j(r) = r**2 - r + 12. Let g be j(5). Let w(k) = k**3 + 5*k**2 - 3*k + 3. Let m be w(3). Let y = g + m. List the prime factors of y.
2, 7
Suppose -15*a + 112 = 262. Let u(v) = -13*v + 56. What are the prime factors of u(a)?
2, 3, 31
Let a(h) = -h**3 - 2*h**2 + 3*h + 349. Let i be a(0). Suppose -i = -3*q + p, q + 2*p = 3*q - 238. What are the prime factors of q?
5, 23
Let q(k) = -3*k + 108. Let b be q(35). Suppose 0 = -b*x + 7*x + 5*u - 3220, 4*u + 4066 = 5*x. List the prime factors of x.
2, 3, 5
Let m(s) = -1139*s + 40799. What are the prime factors of m(0)?
11, 3709
Let a = 18117 - 11091. Suppose 1203*x - 1197*x = a. What are the prime factors of x?
1171
Suppose 23 = 4*v + 2*h - h, 14 = v + 3*h. Suppose 0 = -6*p + 5 + 19. Suppose 711 = 5*j - 0*r - p*r, v*r - 434 = -3*j. List the prime factors of j.
11, 13
Suppose 0 = g - 2*n - 1314, -6*g + 2*g + 5261 = -3*n. Suppose 4*m = -540 + g. Suppose -206 = -3*q - 5*j, j + 96 = 4*q - m. List the prime factors of q.
2, 3
Suppose -d - 203 = -0*d. Suppose -32 = -n - 35, 1131 = -4*x + 3*n. Let h = d - x. What are the prime factors of h?
2, 41
Let a = 22573 + 17409. What are the prime factors of a?
2, 19991
Let u be (0 + 735)/(-3)*8/(-20). Let n = -48 + u. What are the prime factors of n?
2, 5
Suppose 13*b - 25*b = -5496. Let z = b + 104. List the prime factors of z.
2, 281
Let a(v) = v + 2. Let b be a(0). Suppose -b*s + 3*s + 4 = q, -2*s = -q + 5. Suppose -5*m = -q*u + 168 + 424, -594 = -3*u + 3*m. What are the prime factors of u?
199
List the prime factors of -2 + -1 + 30396092/2146 + (-2)/29.
7, 17
What are the prime factors of (2 - 1)*8283/((-3)/(-1))?
11, 251
Let h(p) = 63*p**3 - 5*p + 7. Let c be 6*(-10)/15 + 2 - -4. List the prime factors of h(c).
3, 167
Suppose 0 = -4*t, 4*g = -2*t - 5020 - 1280. Let n = g + 2226. List the prime factors of n.
3, 7, 31
Suppose -18*v + 42 = -25*v. List the prime factors of -2 + (-16)/v - (-616)/3.
2, 103
Suppose 162598 + 819530 = 42*a. What are the prime factors of a?
2, 37, 79
Let s(w) = w + 15. Let m be s(-12). Let z(d) = -29*d - 26 + d + m*d. List the prime factors of z(-7).
149
Let m(c) = 3*c**3 - 15*c**2 - 10*c + 95. What are the prime factors of m(17)?
3, 11, 313
Let d(w) = w**3 - 2*w + 6. Suppose 18 = 2*r + z, -z = r + 1 - 12. List the prime factors of d(r).
5, 67
Let j(q) = 15*q**3 + 4*q**2 - 6*q + 7. Let u be j(3). Let t(r) = -2*r**2 + 47*r + 28. Let g be t(24). Suppose -u = -9*m + g*m. What are the prime factors of m?
2, 43
Let k = -25163 + 41398. List the prime factors of k.
5, 17, 191
Let f = -31 + 34. Suppose 455 = -f*p - 4*q, 0 = -3*p - q - 315 - 152. Let u = p + 265. List the prime factors of u.
2, 3
Let t be 6/(-24) + 5/4 + 2. Suppose -3*o + 5*o = -4*r + 92, -4*r = t*o - 94. What are the prime factors of 7 - 158/22 - (-1808)/r?
2, 41
Suppose -133*p - 275270 = 465432 - 2775602. List the prime factors of p.
2, 3, 5, 17
Let q be (-7)/((-28)/2992) + 4. Let p = -205 + q. What are the prime factors of p?
547
What are the prime factors of ((-58)/(-18))/(33/59103)?
29, 199
Let u be -3*(-28)/12 + -2. Suppose 4*y = -5*v - 2, -3*y = u*v + 2*y + 5. List the prime factors of 5/(5/v) + (-108)/(-2).
2, 7
Suppose 249*j + 316035 = 54*j + 4203945. List the prime factors of j.
2, 3, 3323
Let y = 15153 - 10634. What are the prime factors of y?
4519
Let n = 43 + -14. Suppose 5*r + 2177 = -2*x, 3*x - 896 = 2*r - n. What are the prime factors of r/10*(-28)/6?
7, 29
Let a(r) = r + 4. Let t be a(-4). Suppose i - 82 + t = 0. Suppose 5*g = i + 138. What are the prime factors of g?
2, 11
Let z be (-3)/9 + 1 + (-494)/57. List the prime factors of 4/z*((-348)/2 + 2).
2, 43
Let c(p) = -1206*p - 557. List the prime factors of c(-4).
17, 251
Let s be (-15)/(60/(-272))*(-3)/6. Let g be (-1)/(-3) + (-494)/6. Let n = s - g. List the prime factors of n.
2, 3
Let x(r) = 34 + 6 - r - 23 - r. Let l be x(7). Suppose 0 = 3*y + 4*n - 243, l*y = 5*y - 5*n - 185. List the prime factors of y.
5, 17
Let b = -480 + 248. Let i be ((-4590)/(-25) + 6/15)*(-10 - -8). Let h = b - i. List the prime factors of h.
2, 17
Suppose -4*y = -2*t + 222, -6*t + 5*t - 3*y + 106 = 0. Suppose 114*g - 2125 = t*g. What are the prime factors of g?
5, 17
Let u be (100/(-2))/(28/(-1232)). Suppose -2*i - 19*r = -24*r - u, -i + 2*r + 1100 = 0. What are the prime factors of i?
2, 5, 11
Let q(s) = 6*s**3 - 15*s**2 + 42*s + 87. List the prime factors of q(13).
2, 3, 5, 47
Suppose -48*t = 73*t - 136*t + 843390. List the prime factors of t.
2, 3, 9371
Suppose -4*c = 20 - 48, -5*u + 4*c + 359627 = 0. List the prime factors of u.
3, 23977
Suppose 120 = 4*p + p. Suppose 0 = -2*r + 3*x + 422, 0 = -21*x + p*x - 12. What are the prime factors of r?
7, 31
Let t(k) = 6*k + 14. Let b be t(8). What are the prime factors of (4 - (1 - 2))*(0 + b)?
2, 5, 31
Let x(v) = 6*v + 51. Let c be x(-9). What are the prime factors of ((-486)/(-4))/c*80/(-6)?
2, 3, 5
Let y(f) = -f**2 + 0*f**2 - 3*f - 49 + 101 - 49 + 936*f**3. List the prime factors of y(1).
5, 11, 17
Let a be (-4)/(-10) - 112/(-70). Suppose -4*z = -5*i - 742, 2*i - 192 = z - a*z. Let m = -96 + z. What are the prime factors of m?
2, 23
Let m = -616 + 1164. Suppose -27*v = -m - 3178. What are the prime factors of v?
2, 3, 23
Suppose -3169*t = -3138*t - 438526. What are the prime factors of t?
2, 11, 643
Suppose 107*t = 128105 + 274108. What are the prime factors of t?
3, 7, 179
Let h be 69 - (1/(-1) + -11 + 9). Let n = -71 + h. Suppose i + 104 = 4*y, 2*y - n - 51 = -i. What are the prime factors of y?
2, 13
What are the prime factors of (-5 - (34 - 13))*3/(12/(-152))?
2, 13, 19
Let r be (14/105*-5)/((-2)/12). Suppose -2*b + 39 = r*n + 5, 31 = 4*n + 3*b. Let o(u) = u**2 - 12*u + 30. What are the prime factors of o(n)?
2, 5
Let l = -6709 - -7987. List the prime factors of l.
2, 3, 71
Let g(o) = 4*o - 5. Let i(c) = -c - 12. Let d be i(-14). Let t be g(d). Suppose 2*l = 2*m + 390, t*l - 1015 = -2*l - 5*m. What are the prime factors of l?
199
Let k = -106 - -108. Suppose -9*f = -k*f + 210. What are the prime factors of 5*4/f*-171?
2, 3, 19
Suppose -5*m = s - 176594, -231*s - 70624 = -2*m - 228*s. List the prime factors of m.
2, 17659
Let y(f) = 11*f**2 + 585*f - 213. List the prime factors of y(-95).
43487
Suppose 0 = 4*x + 17*j - 14*j - 9284, -4*j - 20846 = -9*x. List the prime factors of x.
2, 19, 61
Let v(z) = 87*z**2 + 3*z - 4. Let t(x) = x**3 - 3*x**2 - 3*x + 6. Let d be t(3). Let l be 1 + (-3)/3 + 4 + d. List the prime factors of v(l).
2, 43
Let c(k) = -k**3 + 25*k**2 - 9*k + 26. Let j be c(24). Let v = 940 - j. What are the prime factors of v?
2, 277
Suppose 5 = -a + 2*a. Suppose -a*v = 4*d + 90, 34 + 2 = -2*v - 5*d. Let h = v - -53. List the prime factors of h.
5, 7
Let s = 3821 - 2666. List the prime factors of s.
3, 5, 7, 11
Let w(y) = 25*y**2 - 2*y + 4. Let c = -109 + 106. List the prime factors of w(c).
5, 47
Suppose 1071*d - 536*d + 91884 = 541*d. What are the prime factors of d?
2, 13, 19, 31
Suppose -2*b = 5*u - 22603, -3*b + 4531 = -13*u + 14*u. What are the prime factors of u?
4519
Let g = -396 + 3098. List the prime factors of g.
2, 7, 193
Let i(u) = -u**3 + 4*u**2 + 24*u + 30. List the prime factors of i(-14).
2, 3, 179
Let u(w) = 3544*w - 43. Let h be u(-1). Let y = h - -5124. List the prime factors of y.
29, 53
Suppose -80 = -11*q + 7*q. Suppose 0 = q*g - 22300 - 1400. List the prime factors of g.
3, 5, 79
Let b(d) = -1298*d + 844. List the prime factors of b(-9).
2, 6263
Suppose -69*g + 3493227 + 1645548 = 0. What are the prime factors of g?
3, 5, 331
Let h = 61 - 59. Suppose 64 = h*w - 66. List the prime factors of (-5486)/w*(-5)/2.
211
Suppose 0 = -4*r + 16*y - 18*y + 6184, -2*y = 0. List the prime factors of r.
2, 773
Let y(i) = 42*i + 127. Let o be y(-7). Let j = -49 - o. List the prime factors of j.
2, 59
Let w = -40 + 36. What are the prime factors of 2/(-4)*(30520/w)/7?
5, 109
Let h = -1464 + 2339. Suppose 4*u = 3*c + h, -19*u - 865 = -23*u + c. List the prime factors of u.
5, 43
Suppose 3*d - 153 = 4*h + 1035, -608 = 2*h - 5*d. Let c = 51 + h. Let v = c - -365. What are the prime factors of v?
2, 61
Suppose -